{"id":448,"date":"2019-06-20T06:09:51","date_gmt":"2019-06-20T04:09:51","guid":{"rendered":"https:\/\/schach-plaue.de\/?page_id=448"},"modified":"2019-06-21T19:08:53","modified_gmt":"2019-06-21T17:08:53","slug":"27-pfingstschnellschach-2019","status":"publish","type":"page","link":"https:\/\/schach-plaue.de\/?page_id=448","title":{"rendered":"27.Pfingstschnellschach 2019"},"content":{"rendered":"\n<p><img decoding=\"async\" src=\"wp-content\/uploads\/2019\/06\/schachbrett_2019.jpg\" style=\"float: left; margin: 5px;\">Am Pfingstwochenende fanden sich zum 27. Mal Schachfreunde zusammen, um den besten Schnellschachspieler unter sich zu ermitteln.<br> Der neue Austragungsort, Reinsberger Dorf, bot wie auch im Vorjahr erstklassige Bedingungen und dank der 19 Sponsoren, war es wie immer m\u00f6glich, dass jeder Teilnehmer einen Preis erhielt. Zus\u00e4tzlich sponsorte das Reinsberger Dorf ein Wochenende f\u00fcr zwei Personen sowie ein zus\u00e4tzlichen Raum um mehr Teilnehmer zu erm\u00f6glichen.<\/p>\n\n\n\n<p>Nach einer kurzen Begr\u00fc\u00dfung durch Lothar Tietze wurde den Anwesenden durch B\u00fcrgermeister J\u00f6rg Thamm (CDU) und der Landr\u00e4tin Eleonore M\u00fchlbauer (SPD) &#8222;gut Holz&#8220; gew\u00fcnscht. Wie auch in den letzten Jahren wurde das Turnier durch beide finanziell unterst\u00fctzt.<\/p>\n\n\n\n<p>Das Turnier zeichnet sich durch seine sehr famili\u00e4re Atmosph\u00e4re aus und auch in diesem Jahr wurden alle Teilnehmer bestens mit Speisen und Getr\u00e4nken versorgt. Bei einer Bedenkzeit von 15 Minuten Bedenkzeit wurden 9 Runden im Schweizer System ausgetragen. Mit 14 Spielern, welche eine Wertungszahl \u00fcber 2000 hatten, war es eines der st\u00e4rksten Schnellturniere Th\u00fcringens im Jahr 2019. Eine Besonderheit des Turniers ist es, dass Spieler mit einer Wertungszahl von mehr als 2100 nur dann zugelassen sind, wenn diese bereits teilgenommen haben. Auch dieses Jahr fanden einige neue Teilnehmer erstmals den Weg nach Plaue. Darunter Teilnehmer aus Hessen, Sachsen-Anhalt und Bayern. Der \u00e4lteste Teilnehmer war Rolf Knobling (USV Erfurt) mit 87 Jahren und Manuel R\u00f6hr (TSV Plaue) mit 11 Jahren der J\u00fcngste. Zur Gesamtwertung wurden zus\u00e4tzlich drei Sonderwertungen ausgeschrieben: U-14, U20, Mannschaftswertung.<\/p>\n\n\n\n<p><br><img decoding=\"async\" src=\"wp-content\/uploads\/2019\/06\/sieger_2019.jpg\" style=\"float:right; margin: 5px;\">Unter der Turnierleitung von Ronny Schlo\u00dfer wurde von den 56 Teilnehmern ein sehr faires Turnier gespielt. Am Ende gewann etwas \u00fcberraschend Christian B\u00f6hm (SG 1871 L\u00f6beritz). Mit acht Punkten und als einziger Teilnehmer ohne Niederlage setzte sich der an Setzlistenplatz neun gef\u00fchrte durch. Damit verwies er mehrere ehemalige Gewinner des Turniers (Baum, Greiner, Jacobi, Mehlhorn, Buring) auf die Pl\u00e4tze. Spannung um den Turniersieg war jedoch bis zur letzten Runde geboten. Die letzte Runde brachte an Brett eins die Entscheidung. Der zweifache Sieger Timo Greiner h\u00e4tte mit einem Sieg den bis dahin souver\u00e4n aufspielenden Christian B\u00f6hm noch auf der Zielgerade abfangen k\u00f6nnen. Timo Greiner gelang es jedoch nicht und so musste er am Ende sogar mit einer Niederlage und damit den Platz vier leben. In der U-20 Wertung gewann Moritz Weish\u00e4utel (SV Empor Erfurt) vor Tim Wiesemann (ESV S\u00f6mmerda )und Jakob Weber (ESV S\u00f6mmerda). Neben den Sieg in der U20 konnte sich Moritz auch \u00fcber den zweiten Platz der Gesamtwertung freuen. In der U14 Wertung setzte sich Luca Franke(SV Liebschwitz) souver\u00e4n vor Richard Thamm und Mnauel R\u00f6hr (beide TSV Plaue) durch. Luca Franke konnte mit einigen \u00dcberraschungen auftrumpfen.<\/p>\n\n\n\n<p><\/p>\n\n\n\n<TABLE BORDER=\"0\" CELLPADDING=\"0\" CELLSPACING=\"0\" >\n\n<TR >\n<TD COLSPAN=\"13\"> Rangliste:&nbsp;&nbsp;Stand&nbsp;nach&nbsp;der&nbsp;9.&nbsp;Runde&nbsp;<\/TD>\n<\/TR>\n\n<TR >\n<TH>Rang<\/TH>\n<TH>Teilnehmer<\/TH>\n<TH>Titel<\/TH>\n<TH>TWZ<\/TH>\n<TH>At<\/TH>\n<TH>Verein\/Ort<\/TH>\n<TH>Land<\/TH>\n<TH>S<\/TH>\n<TH>R<\/TH>\n<TH>V<\/TH>\n<TH>Punkte<\/TH>\n<TH>Buchh<\/TH>\n<TH>SoBerg<\/TH>\n<\/TR>\n\n<TR >\n<TD>1.<\/TD>\n<TD>B&ouml;hm,Christian<\/TD>\n<TD>&nbsp;<\/TD>\n<TD>2067<\/TD>\n<TD>&nbsp;<\/TD>\n<TD>SG&nbsp;1871&nbsp;L&ouml;berit<\/TD>\n<TD>GER<\/TD>\n<TD>7<\/TD>\n<TD>2<\/TD>\n<TD>0<\/TD>\n<TD>8.0<\/TD>\n<TD>50.0<\/TD>\n<TD>44.00<\/TD>\n<\/TR>\n\n<TR >\n<TD>2.<\/TD>\n<TD>Weish&auml;utel,Moritz<\/TD>\n<TD>u20<\/TD>\n<TD>2252<\/TD>\n<TD>&nbsp;<\/TD>\n<TD>SV&nbsp;Empor&nbsp;Erfurt<\/TD>\n<TD>GER<\/TD>\n<TD>7<\/TD>\n<TD>0<\/TD>\n<TD>2<\/TD>\n<TD>7.0<\/TD>\n<TD>45.5<\/TD>\n<TD>35.50<\/TD>\n<\/TR>\n\n<TR >\n<TD>3.<\/TD>\n<TD>Wicklein,Stefan<\/TD>\n<TD>&nbsp;<\/TD>\n<TD>2048<\/TD>\n<TD>&nbsp;<\/TD>\n<TD>fb&nbsp;Jena<\/TD>\n<TD>GER<\/TD>\n<TD>6<\/TD>\n<TD>1<\/TD>\n<TD>2<\/TD>\n<TD>6.5<\/TD>\n<TD>52.0<\/TD>\n<TD>34.50<\/TD>\n<\/TR>\n\n<TR >\n<TD>4.<\/TD>\n<TD>Greiner,Timo<\/TD>\n<TD>&nbsp;<\/TD>\n<TD>2086<\/TD>\n<TD>&nbsp;<\/TD>\n<TD>SV&nbsp;K&ouml;nigsee<\/TD>\n<TD>GER<\/TD>\n<TD>6<\/TD>\n<TD>1<\/TD>\n<TD>2<\/TD>\n<TD>6.5<\/TD>\n<TD>49.0<\/TD>\n<TD>33.00<\/TD>\n<\/TR>\n\n<TR >\n<TD>5.<\/TD>\n<TD>Baum,Bernd,Dr.<\/TD>\n<TD>FM<\/TD>\n<TD>2183<\/TD>\n<TD>&nbsp;<\/TD>\n<TD>SC&nbsp;Fulda<\/TD>\n<TD>GER<\/TD>\n<TD>5<\/TD>\n<TD>3<\/TD>\n<TD>1<\/TD>\n<TD>6.5<\/TD>\n<TD>47.0<\/TD>\n<TD>32.75<\/TD>\n<\/TR>\n\n<TR >\n<TD>6.<\/TD>\n<TD>Richter,Jan<\/TD>\n<TD>&nbsp;<\/TD>\n<TD>2048<\/TD>\n<TD>&nbsp;<\/TD>\n<TD>fb&nbsp;Jena<\/TD>\n<TD>GER<\/TD>\n<TD>5<\/TD>\n<TD>2<\/TD>\n<TD>2<\/TD>\n<TD>6.0<\/TD>\n<TD>52.5<\/TD>\n<TD>31.50<\/TD>\n<\/TR>\n\n<TR >\n<TD>7.<\/TD>\n<TD>du&nbsp;Maire,J\u00e9r\u00f4me<\/TD>\n<TD>&nbsp;<\/TD>\n<TD>2125<\/TD>\n<TD>&nbsp;<\/TD>\n<TD>Frankfurter&nbsp;TV<\/TD>\n<TD>GER<\/TD>\n<TD>5<\/TD>\n<TD>2<\/TD>\n<TD>2<\/TD>\n<TD>6.0<\/TD>\n<TD>49.5<\/TD>\n<TD>30.00<\/TD>\n<\/TR>\n\n<TR >\n<TD>8.<\/TD>\n<TD>Sauer,Marko<\/TD>\n<TD>&nbsp;<\/TD>\n<TD>2081<\/TD>\n<TD>&nbsp;<\/TD>\n<TD>SG&nbsp;Arnstadt<\/TD>\n<TD>GER<\/TD>\n<TD>5<\/TD>\n<TD>2<\/TD>\n<TD>2<\/TD>\n<TD>6.0<\/TD>\n<TD>47.0<\/TD>\n<TD>29.75<\/TD>\n<\/TR>\n\n<TR >\n<TD>9.<\/TD>\n<TD>Aepfler,Christian<\/TD>\n<TD>FM<\/TD>\n<TD>2257<\/TD>\n<TD>&nbsp;<\/TD>\n<TD>TSV&nbsp;Plaue<\/TD>\n<TD>GER<\/TD>\n<TD>5<\/TD>\n<TD>2<\/TD>\n<TD>2<\/TD>\n<TD>6.0<\/TD>\n<TD>46.0<\/TD>\n<TD>28.75<\/TD>\n<\/TR>\n\n<TR >\n<TD>10.<\/TD>\n<TD>Jacobi,Robin<\/TD>\n<TD>&nbsp;<\/TD>\n<TD>2249<\/TD>\n<TD>&nbsp;<\/TD>\n<TD>SV&nbsp;Empor&nbsp;Erfurt<\/TD>\n<TD>GER<\/TD>\n<TD>5<\/TD>\n<TD>2<\/TD>\n<TD>2<\/TD>\n<TD>6.0<\/TD>\n<TD>45.5<\/TD>\n<TD>29.75<\/TD>\n<\/TR>\n\n<TR >\n<TD>11.<\/TD>\n<TD>Bauer,Leon<\/TD>\n<TD>&nbsp;<\/TD>\n<TD>2051<\/TD>\n<TD>&nbsp;<\/TD>\n<TD>SG&nbsp;Sonneberg<\/TD>\n<TD>GER<\/TD>\n<TD>5<\/TD>\n<TD>1<\/TD>\n<TD>3<\/TD>\n<TD>5.5<\/TD>\n<TD>50.0<\/TD>\n<TD>27.00<\/TD>\n<\/TR>\n\n<TR >\n<TD>12.<\/TD>\n<TD>Kirste,Olaf<\/TD>\n<TD>&nbsp;<\/TD>\n<TD>1898<\/TD>\n<TD>&nbsp;<\/TD>\n<TD>ESV&nbsp;S&ouml;mmerda<\/TD>\n<TD>GER<\/TD>\n<TD>5<\/TD>\n<TD>1<\/TD>\n<TD>3<\/TD>\n<TD>5.5<\/TD>\n<TD>47.5<\/TD>\n<TD>25.25<\/TD>\n<\/TR>\n\n<TR >\n<TD>13.<\/TD>\n<TD>Mehlhorn,Uwe<\/TD>\n<TD>&nbsp;<\/TD>\n<TD>2059<\/TD>\n<TD>&nbsp;<\/TD>\n<TD>SG&nbsp;Stadtilm<\/TD>\n<TD>GER<\/TD>\n<TD>3<\/TD>\n<TD>5<\/TD>\n<TD>1<\/TD>\n<TD>5.5<\/TD>\n<TD>43.5<\/TD>\n<TD>25.25<\/TD>\n<\/TR>\n\n<TR >\n<TD>14.<\/TD>\n<TD>Buring,Matthias<\/TD>\n<TD>&nbsp;<\/TD>\n<TD>2133<\/TD>\n<TD>&nbsp;<\/TD>\n<TD>SG&nbsp;Arnstadt<\/TD>\n<TD>GER<\/TD>\n<TD>5<\/TD>\n<TD>1<\/TD>\n<TD>3<\/TD>\n<TD>5.5<\/TD>\n<TD>42.5<\/TD>\n<TD>24.50<\/TD>\n<\/TR>\n\n<TR >\n<TD>15.<\/TD>\n<TD>Klingler,Lutz<\/TD>\n<TD>&nbsp;<\/TD>\n<TD>1919<\/TD>\n<TD>&nbsp;<\/TD>\n<TD>SV&nbsp;Schmalkalden<\/TD>\n<TD>GER<\/TD>\n<TD>4<\/TD>\n<TD>3<\/TD>\n<TD>2<\/TD>\n<TD>5.5<\/TD>\n<TD>41.5<\/TD>\n<TD>22.00<\/TD>\n<\/TR>\n\n<TR >\n<TD>16.<\/TD>\n<TD>Hellrung,Bernhard<\/TD>\n<TD>&nbsp;<\/TD>\n<TD>1972<\/TD>\n<TD>&nbsp;<\/TD>\n<TD>SV&nbsp;Breitenworbi<\/TD>\n<TD>GER<\/TD>\n<TD>5<\/TD>\n<TD>1<\/TD>\n<TD>3<\/TD>\n<TD>5.5<\/TD>\n<TD>41.0<\/TD>\n<TD>22.75<\/TD>\n<\/TR>\n\n<TR >\n<TD>17.<\/TD>\n<TD>M&auml;usbacher,Toni<\/TD>\n<TD>&nbsp;<\/TD>\n<TD>1774<\/TD>\n<TD>&nbsp;<\/TD>\n<TD>SK&nbsp;Mitwitz<\/TD>\n<TD>GER<\/TD>\n<TD>5<\/TD>\n<TD>0<\/TD>\n<TD>4<\/TD>\n<TD>5.0<\/TD>\n<TD>50.5<\/TD>\n<TD>25.50<\/TD>\n<\/TR>\n\n<TR >\n<TD>18.<\/TD>\n<TD>Franke,Luca<\/TD>\n<TD>u14<\/TD>\n<TD>1906<\/TD>\n<TD>&nbsp;<\/TD>\n<TD>SV&nbsp;Liebschwitz<\/TD>\n<TD>GER<\/TD>\n<TD>4<\/TD>\n<TD>2<\/TD>\n<TD>3<\/TD>\n<TD>5.0<\/TD>\n<TD>50.5<\/TD>\n<TD>25.00<\/TD>\n<\/TR>\n\n<TR >\n<TD>19.<\/TD>\n<TD>Jung,Florian<\/TD>\n<TD>&nbsp;<\/TD>\n<TD>1959<\/TD>\n<TD>&nbsp;<\/TD>\n<TD>SV&nbsp;Schott&nbsp;Jena<\/TD>\n<TD>GER<\/TD>\n<TD>3<\/TD>\n<TD>4<\/TD>\n<TD>2<\/TD>\n<TD>5.0<\/TD>\n<TD>50.0<\/TD>\n<TD>27.00<\/TD>\n<\/TR>\n\n<TR >\n<TD>20.<\/TD>\n<TD>Bussemer,Karsten<\/TD>\n<TD>&nbsp;<\/TD>\n<TD>1813<\/TD>\n<TD>&nbsp;<\/TD>\n<TD>TSV&nbsp;Plaue<\/TD>\n<TD>GER<\/TD>\n<TD>3<\/TD>\n<TD>4<\/TD>\n<TD>2<\/TD>\n<TD>5.0<\/TD>\n<TD>45.0<\/TD>\n<TD>22.75<\/TD>\n<\/TR>\n\n<TR >\n<TD>21.<\/TD>\n<TD>Handschuh,Franz<\/TD>\n<TD>&nbsp;<\/TD>\n<TD>1833<\/TD>\n<TD>&nbsp;<\/TD>\n<TD>SV&nbsp;St&uuml;tzerbach<\/TD>\n<TD>GER<\/TD>\n<TD>4<\/TD>\n<TD>2<\/TD>\n<TD>3<\/TD>\n<TD>5.0<\/TD>\n<TD>42.5<\/TD>\n<TD>18.25<\/TD>\n<\/TR>\n\n<TR >\n<TD>22.<\/TD>\n<TD>Gei&szlig;hirt,Marco<\/TD>\n<TD>&nbsp;<\/TD>\n<TD>2014<\/TD>\n<TD>&nbsp;<\/TD>\n<TD>SG&nbsp;Barchfeld\/Br<\/TD>\n<TD>GER<\/TD>\n<TD>4<\/TD>\n<TD>2<\/TD>\n<TD>3<\/TD>\n<TD>5.0<\/TD>\n<TD>42.0<\/TD>\n<TD>21.50<\/TD>\n<\/TR>\n\n<TR >\n<TD>23.<\/TD>\n<TD>Tietze,Daniel<\/TD>\n<TD>&nbsp;<\/TD>\n<TD>1774<\/TD>\n<TD>&nbsp;<\/TD>\n<TD>TSV&nbsp;Plaue<\/TD>\n<TD>GER<\/TD>\n<TD>4<\/TD>\n<TD>2<\/TD>\n<TD>3<\/TD>\n<TD>5.0<\/TD>\n<TD>40.0<\/TD>\n<TD>18.75<\/TD>\n<\/TR>\n\n<TR >\n<TD>24.<\/TD>\n<TD>Br&uuml;ckner,Klaus<\/TD>\n<TD>&nbsp;<\/TD>\n<TD>1872<\/TD>\n<TD>&nbsp;<\/TD>\n<TD>SG&nbsp;Sonneberg<\/TD>\n<TD>GER<\/TD>\n<TD>4<\/TD>\n<TD>2<\/TD>\n<TD>3<\/TD>\n<TD>5.0<\/TD>\n<TD>39.0<\/TD>\n<TD>18.25<\/TD>\n<\/TR>\n\n<TR >\n<TD>25.<\/TD>\n<TD>Rost,Detlef<\/TD>\n<TD>&nbsp;<\/TD>\n<TD>1892<\/TD>\n<TD>&nbsp;<\/TD>\n<TD>SV&nbsp;Medizin&nbsp;Erfu<\/TD>\n<TD>GER<\/TD>\n<TD>5<\/TD>\n<TD>0<\/TD>\n<TD>4<\/TD>\n<TD>5.0<\/TD>\n<TD>39.0<\/TD>\n<TD>17.00<\/TD>\n<\/TR>\n\n<TR >\n<TD>26.<\/TD>\n<TD>Otto,Reiner<\/TD>\n<TD>&nbsp;<\/TD>\n<TD>1882<\/TD>\n<TD>&nbsp;<\/TD>\n<TD>TSV&nbsp;Geschwenda<\/TD>\n<TD>GER<\/TD>\n<TD>3<\/TD>\n<TD>3<\/TD>\n<TD>3<\/TD>\n<TD>4.5<\/TD>\n<TD>45.5<\/TD>\n<TD>19.75<\/TD>\n<\/TR>\n\n<TR >\n<TD>27.<\/TD>\n<TD>Krannich,Steffen<\/TD>\n<TD>&nbsp;<\/TD>\n<TD>1902<\/TD>\n<TD>&nbsp;<\/TD>\n<TD>SV&nbsp;W&uuml;rzburg<\/TD>\n<TD>GER<\/TD>\n<TD>3<\/TD>\n<TD>3<\/TD>\n<TD>3<\/TD>\n<TD>4.5<\/TD>\n<TD>43.5<\/TD>\n<TD>19.00<\/TD>\n<\/TR>\n\n<TR >\n<TD>28.<\/TD>\n<TD>M&ouml;ller,Frank<\/TD>\n<TD>&nbsp;<\/TD>\n<TD>1892<\/TD>\n<TD>&nbsp;<\/TD>\n<TD>SV&nbsp;K&ouml;nigsee<\/TD>\n<TD>GER<\/TD>\n<TD>2<\/TD>\n<TD>5<\/TD>\n<TD>2<\/TD>\n<TD>4.5<\/TD>\n<TD>41.5<\/TD>\n<TD>17.50<\/TD>\n<\/TR>\n\n<TR >\n<TD>29.<\/TD>\n<TD>Behm,J&uuml;rgen<\/TD>\n<TD>&nbsp;<\/TD>\n<TD>1544<\/TD>\n<TD>&nbsp;<\/TD>\n<TD>SV&nbsp;K&ouml;nigsee<\/TD>\n<TD>GER<\/TD>\n<TD>4<\/TD>\n<TD>1<\/TD>\n<TD>4<\/TD>\n<TD>4.5<\/TD>\n<TD>41.0<\/TD>\n<TD>17.25<\/TD>\n<\/TR>\n\n<TR >\n<TD>30.<\/TD>\n<TD>Tangermann,Wilfri<\/TD>\n<TD>&nbsp;<\/TD>\n<TD>1618<\/TD>\n<TD>&nbsp;<\/TD>\n<TD>SV&nbsp;Medizin&nbsp;Erfu<\/TD>\n<TD>GER<\/TD>\n<TD>3<\/TD>\n<TD>3<\/TD>\n<TD>3<\/TD>\n<TD>4.5<\/TD>\n<TD>40.0<\/TD>\n<TD>19.00<\/TD>\n<\/TR>\n\n<TR >\n<TD>31.<\/TD>\n<TD>Hartung,Matthias<\/TD>\n<TD>&nbsp;<\/TD>\n<TD>1523<\/TD>\n<TD>&nbsp;<\/TD>\n<TD>TSV&nbsp;Plaue<\/TD>\n<TD>&#8211;<\/TD>\n<TD>3<\/TD>\n<TD>3<\/TD>\n<TD>3<\/TD>\n<TD>4.5<\/TD>\n<TD>38.0<\/TD>\n<TD>15.75<\/TD>\n<\/TR>\n\n<TR >\n<TD>32.<\/TD>\n<TD>Wiesemann,Tim<\/TD>\n<TD>u20<\/TD>\n<TD>1603<\/TD>\n<TD>&nbsp;<\/TD>\n<TD>ESV&nbsp;S&ouml;mmerda<\/TD>\n<TD>GER<\/TD>\n<TD>3<\/TD>\n<TD>3<\/TD>\n<TD>3<\/TD>\n<TD>4.5<\/TD>\n<TD>38.0<\/TD>\n<TD>14.50<\/TD>\n<\/TR>\n\n<TR >\n<TD>33.<\/TD>\n<TD>Weber,Jakob<\/TD>\n<TD>u20<\/TD>\n<TD>1467<\/TD>\n<TD>&nbsp;<\/TD>\n<TD>ESV&nbsp;S&ouml;mmerda<\/TD>\n<TD>GER<\/TD>\n<TD>3<\/TD>\n<TD>3<\/TD>\n<TD>3<\/TD>\n<TD>4.5<\/TD>\n<TD>31.0<\/TD>\n<TD>13.50<\/TD>\n<\/TR>\n\n<TR >\n<TD>34.<\/TD>\n<TD>Wahlicht,Mike<\/TD>\n<TD>&nbsp;<\/TD>\n<TD>1936<\/TD>\n<TD>&nbsp;<\/TD>\n<TD>SV&nbsp;Empor&nbsp;Erfurt<\/TD>\n<TD>GER<\/TD>\n<TD>3<\/TD>\n<TD>2<\/TD>\n<TD>4<\/TD>\n<TD>4.0<\/TD>\n<TD>45.5<\/TD>\n<TD>19.25<\/TD>\n<\/TR>\n\n<TR >\n<TD>35.<\/TD>\n<TD>Geisensetter,Fran<\/TD>\n<TD>&nbsp;<\/TD>\n<TD>1971<\/TD>\n<TD>&nbsp;<\/TD>\n<TD>SG&nbsp;Sonneberg<\/TD>\n<TD>GER<\/TD>\n<TD>2<\/TD>\n<TD>4<\/TD>\n<TD>3<\/TD>\n<TD>4.0<\/TD>\n<TD>44.5<\/TD>\n<TD>19.00<\/TD>\n<\/TR>\n\n<TR >\n<TD>36.<\/TD>\n<TD>Heyer,Thomas<\/TD>\n<TD>&nbsp;<\/TD>\n<TD>1481<\/TD>\n<TD>&nbsp;<\/TD>\n<TD>TSV&nbsp;Geschwenda<\/TD>\n<TD>GER<\/TD>\n<TD>3<\/TD>\n<TD>2<\/TD>\n<TD>4<\/TD>\n<TD>4.0<\/TD>\n<TD>44.0<\/TD>\n<TD>18.00<\/TD>\n<\/TR>\n\n<TR >\n<TD>37.<\/TD>\n<TD>Jarosch,Wolfram<\/TD>\n<TD>&nbsp;<\/TD>\n<TD>1684<\/TD>\n<TD>&nbsp;<\/TD>\n<TD>fb&nbsp;Jena<\/TD>\n<TD>GER<\/TD>\n<TD>4<\/TD>\n<TD>0<\/TD>\n<TD>5<\/TD>\n<TD>4.0<\/TD>\n<TD>44.0<\/TD>\n<TD>14.50<\/TD>\n<\/TR>\n\n<TR >\n<TD>38.<\/TD>\n<TD>Rierl,Klaus<\/TD>\n<TD>&nbsp;<\/TD>\n<TD>1793<\/TD>\n<TD>&nbsp;<\/TD>\n<TD>SG&nbsp;Sonneberg<\/TD>\n<TD>GER<\/TD>\n<TD>3<\/TD>\n<TD>2<\/TD>\n<TD>4<\/TD>\n<TD>4.0<\/TD>\n<TD>40.0<\/TD>\n<TD>15.25<\/TD>\n<\/TR>\n\n<TR >\n<TD>39.<\/TD>\n<TD>B&ouml;ttner,Hans-J&uuml;rg<\/TD>\n<TD>&nbsp;<\/TD>\n<TD>1467<\/TD>\n<TD>&nbsp;<\/TD>\n<TD>Stadtilmer&nbsp;SV<\/TD>\n<TD>GER<\/TD>\n<TD>4<\/TD>\n<TD>0<\/TD>\n<TD>5<\/TD>\n<TD>4.0<\/TD>\n<TD>37.0<\/TD>\n<TD>11.50<\/TD>\n<\/TR>\n\n<TR >\n<TD>40.<\/TD>\n<TD>Herrmann,Tobias<\/TD>\n<TD>&nbsp;<\/TD>\n<TD>1496<\/TD>\n<TD>&nbsp;<\/TD>\n<TD>Stadtilmer&nbsp;SV<\/TD>\n<TD>GER<\/TD>\n<TD>4<\/TD>\n<TD>0<\/TD>\n<TD>5<\/TD>\n<TD>4.0<\/TD>\n<TD>34.5<\/TD>\n<TD>10.50<\/TD>\n<\/TR>\n\n<TR >\n<TD>41.<\/TD>\n<TD>Catterfeld,Hans-J<\/TD>\n<TD>&nbsp;<\/TD>\n<TD>1501<\/TD>\n<TD>&nbsp;<\/TD>\n<TD>TSV&nbsp;Geschwenda<\/TD>\n<TD>GER<\/TD>\n<TD>4<\/TD>\n<TD>0<\/TD>\n<TD>5<\/TD>\n<TD>4.0<\/TD>\n<TD>34.5<\/TD>\n<TD>10.00<\/TD>\n<\/TR>\n\n<TR >\n<TD>42.<\/TD>\n<TD>Knobling,Rolf<\/TD>\n<TD>&nbsp;<\/TD>\n<TD>1475<\/TD>\n<TD>&nbsp;<\/TD>\n<TD>USV&nbsp;Erfurt<\/TD>\n<TD>GER<\/TD>\n<TD>4<\/TD>\n<TD>0<\/TD>\n<TD>5<\/TD>\n<TD>4.0<\/TD>\n<TD>33.0<\/TD>\n<TD>10.50<\/TD>\n<\/TR>\n\n<TR >\n<TD>43.<\/TD>\n<TD>Brandt,Wolfgang<\/TD>\n<TD>&nbsp;<\/TD>\n<TD>1649<\/TD>\n<TD>&nbsp;<\/TD>\n<TD>Ilmenauer&nbsp;SV<\/TD>\n<TD>GER<\/TD>\n<TD>3<\/TD>\n<TD>1<\/TD>\n<TD>5<\/TD>\n<TD>3.5<\/TD>\n<TD>41.0<\/TD>\n<TD>11.25<\/TD>\n<\/TR>\n\n<TR >\n<TD>44.<\/TD>\n<TD>Thamm,Richard<\/TD>\n<TD>u14<\/TD>\n<TD>1086<\/TD>\n<TD>&nbsp;<\/TD>\n<TD>TSV&nbsp;Plaue<\/TD>\n<TD>GER<\/TD>\n<TD>3<\/TD>\n<TD>1<\/TD>\n<TD>5<\/TD>\n<TD>3.5<\/TD>\n<TD>30.5<\/TD>\n<TD>9.00<\/TD>\n<\/TR>\n\n<TR >\n<TD>45.<\/TD>\n<TD>Schiefner,&nbsp;Erik<\/TD>\n<TD>&nbsp;<\/TD>\n<TD>&nbsp;<\/TD>\n<TD>&nbsp;<\/TD>\n<TD>STZ&nbsp;Erfurt&nbsp;Herr<\/TD>\n<TD>&nbsp;<\/TD>\n<TD>3<\/TD>\n<TD>1<\/TD>\n<TD>5<\/TD>\n<TD>3.5<\/TD>\n<TD>29.5<\/TD>\n<TD>8.00<\/TD>\n<\/TR>\n\n<TR >\n<TD>46.<\/TD>\n<TD>R&ouml;hr,Manuel<\/TD>\n<TD>u14<\/TD>\n<TD>882<\/TD>\n<TD>&nbsp;<\/TD>\n<TD>TSV&nbsp;Plaue<\/TD>\n<TD>&#8211;<\/TD>\n<TD>3<\/TD>\n<TD>1<\/TD>\n<TD>5<\/TD>\n<TD>3.5<\/TD>\n<TD>23.5<\/TD>\n<TD>5.75<\/TD>\n<\/TR>\n\n<TR >\n<TD>47.<\/TD>\n<TD>A&szlig;mann,Michael<\/TD>\n<TD>&nbsp;<\/TD>\n<TD>1543<\/TD>\n<TD>&nbsp;<\/TD>\n<TD>SC&nbsp;Gotha<\/TD>\n<TD>GER<\/TD>\n<TD>3<\/TD>\n<TD>0<\/TD>\n<TD>6<\/TD>\n<TD>3.0<\/TD>\n<TD>37.5<\/TD>\n<TD>6.50<\/TD>\n<\/TR>\n\n<TR >\n<TD>48.<\/TD>\n<TD>Staude,Quentin<\/TD>\n<TD>u14<\/TD>\n<TD>985<\/TD>\n<TD>&nbsp;<\/TD>\n<TD>Stadtilmer&nbsp;SV<\/TD>\n<TD>GER<\/TD>\n<TD>3<\/TD>\n<TD>0<\/TD>\n<TD>6<\/TD>\n<TD>3.0<\/TD>\n<TD>35.5<\/TD>\n<TD>9.00<\/TD>\n<\/TR>\n\n<TR >\n<TD>49.<\/TD>\n<TD>Linke,Siegfried<\/TD>\n<TD>&nbsp;<\/TD>\n<TD>1306<\/TD>\n<TD>&nbsp;<\/TD>\n<TD>SV&nbsp;K&ouml;nigsee<\/TD>\n<TD>GER<\/TD>\n<TD>2<\/TD>\n<TD>2<\/TD>\n<TD>5<\/TD>\n<TD>3.0<\/TD>\n<TD>35.0<\/TD>\n<TD>10.25<\/TD>\n<\/TR>\n\n<TR >\n<TD>50.<\/TD>\n<TD>Mohaupt,Julian&nbsp;An<\/TD>\n<TD>u20<\/TD>\n<TD>1389<\/TD>\n<TD>&nbsp;<\/TD>\n<TD>TSV&nbsp;Geschwenda<\/TD>\n<TD>GER<\/TD>\n<TD>3<\/TD>\n<TD>0<\/TD>\n<TD>6<\/TD>\n<TD>3.0<\/TD>\n<TD>33.5<\/TD>\n<TD>7.00<\/TD>\n<\/TR>\n\n<TR >\n<TD>51.<\/TD>\n<TD>Kr&uuml;ger,Karsten<\/TD>\n<TD>&nbsp;<\/TD>\n<TD>1240<\/TD>\n<TD>&nbsp;<\/TD>\n<TD>SV&nbsp;St&uuml;tzerbach<\/TD>\n<TD>GER<\/TD>\n<TD>1<\/TD>\n<TD>3<\/TD>\n<TD>5<\/TD>\n<TD>2.5<\/TD>\n<TD>34.0<\/TD>\n<TD>6.75<\/TD>\n<\/TR>\n\n<TR >\n<TD>52.<\/TD>\n<TD>Bolduan,Jamie<\/TD>\n<TD>u14<\/TD>\n<TD>919<\/TD>\n<TD>&nbsp;<\/TD>\n<TD>TSV&nbsp;Plaue<\/TD>\n<TD>GER<\/TD>\n<TD>2<\/TD>\n<TD>1<\/TD>\n<TD>6<\/TD>\n<TD>2.5<\/TD>\n<TD>29.5<\/TD>\n<TD>5.00<\/TD>\n<\/TR>\n\n<TR >\n<TD>53.<\/TD>\n<TD>Voigt,J&uuml;rgen<\/TD>\n<TD>&nbsp;<\/TD>\n<TD>1237<\/TD>\n<TD>&nbsp;<\/TD>\n<TD>Stadtilmer&nbsp;SV<\/TD>\n<TD>GER<\/TD>\n<TD>1<\/TD>\n<TD>2<\/TD>\n<TD>6<\/TD>\n<TD>2.0<\/TD>\n<TD>32.0<\/TD>\n<TD>5.50<\/TD>\n<\/TR>\n\n<TR >\n<TD>54.<\/TD>\n<TD>Kuzhulov,Musa<\/TD>\n<TD>&nbsp;<\/TD>\n<TD>&nbsp;<\/TD>\n<TD>&nbsp;<\/TD>\n<TD>TSV&nbsp;Plaue<\/TD>\n<TD>&#8211;<\/TD>\n<TD>2<\/TD>\n<TD>0<\/TD>\n<TD>7<\/TD>\n<TD>2.0<\/TD>\n<TD>29.5<\/TD>\n<TD>2.50<\/TD>\n<\/TR>\n\n<TR >\n<TD>55.<\/TD>\n<TD>Winger,Frank<\/TD>\n<TD>&nbsp;<\/TD>\n<TD>799<\/TD>\n<TD>&nbsp;<\/TD>\n<TD>Ilmenauer&nbsp;SV<\/TD>\n<TD>GER<\/TD>\n<TD>1<\/TD>\n<TD>2<\/TD>\n<TD>6<\/TD>\n<TD>2.0<\/TD>\n<TD>27.5<\/TD>\n<TD>3.50<\/TD>\n<\/TR>\n\n<TR >\n<TD>56.<\/TD>\n<TD>Bielig,Pascal<\/TD>\n<TD>u20<\/TD>\n<TD>884<\/TD>\n<TD>&nbsp;<\/TD>\n<TD>TSV&nbsp;Plaue<\/TD>\n<TD>GER<\/TD>\n<TD>0<\/TD>\n<TD>1<\/TD>\n<TD>8<\/TD>\n<TD>0.5<\/TD>\n<TD>25.5<\/TD>\n<TD>1.00<\/TD>\n<\/TR>\n\n<\/TABLE>\n<p><img decoding=\"async\" src=\"wp-content\/uploads\/2019\/06\/mannschaft_2019.jpg\" style=\"float:left; margin: 5px;\"\/>Die Mannschaftswertung gewann der TSV Plaue vor der SG Sonneberg und K\u00f6nigsee. Das Besondere an dieser Wertung ist, dass mind. 3 Spieler eines Vereins und max. 4 in die Wertung eingehen. Bei Punktgleichheit gewinnt die Mannschaft, welche weniger Spieler aufweist.\n<br><br>\nDie Mannschaft des TSV Plaue: <br>\n<br>\nChristian Aepfler, Karsten Bussemer, Daniel Tietze und Matthias Hartung \n\n<TABLE BORDER=\"0\" CELLPADDING=\"0\" CELLSPACING=\"0\" >\n<TR >\n<TH>Rang<\/TH>\n<TH>Mannschaft<\/TH>\n<TH>Punkte<\/TH>\n<TH>Buchh<\/TH>\n<TH>SoBerg<\/TH>\n<\/TR>\n<TR >\n<TD>1.<\/TD>\n<TD>TSV&nbsp;Plaue<\/TD>\n<TD>20.5&nbsp;&nbsp;<\/TD>\n<TD>169.0<\/TD>\n<TD>86.00<\/TD>\n<\/TR>\n\n<TR >\n<TD>2.<\/TD>\n<TD>SG&nbsp;Sonneberg<\/TD>\n<TD>18.5&nbsp;&nbsp;<\/TD>\n<TD>173.5<\/TD>\n<TD>79.50<\/TD>\n<\/TR>\n\n<TR >\n<TD>3.<\/TD>\n<TD>SV&nbsp;K&ouml;nigsee<\/TD>\n<TD>18.5&nbsp;&nbsp;<\/TD>\n<TD>166.5<\/TD>\n<TD>78.00<\/TD>\n<\/TR>\n\n<TR >\n<TD>4.<\/TD>\n<TD>Empor Erfurt<\/TD>\n<TD>17.0<\/TD>\n<TD>136.5<\/TD>\n<TD>84.50<\/TD>\n<\/TR>\n\n<TR >\n<TD>5.<\/TD>\n<TD>fb Jena<\/TD>\n<TD>16.5<\/TD>\n<TD>148.5<\/TD>\n<TD>80.5<\/TD>\n<\/TR>\n<\/TABLE>\n<\/p>\n\n\n\n<p><\/p>\n","protected":false},"excerpt":{"rendered":"<p>Am Pfingstwochenende fanden sich zum 27. Mal Schachfreunde zusammen, um den besten Schnellschachspieler unter sich zu ermitteln. Der neue Austragungsort, Reinsberger Dorf, bot wie auch im Vorjahr erstklassige Bedingungen und dank der 19 Sponsoren, war es wie immer m\u00f6glich, dass jeder Teilnehmer einen Preis erhielt. Zus\u00e4tzlich sponsorte das Reinsberger Dorf ein Wochenende f\u00fcr zwei Personen sowie ein zus\u00e4tzlichen Raum um mehr Teilnehmer zu erm\u00f6glichen. Nach einer kurzen Begr\u00fc\u00dfung durch Lothar&hellip;<\/p>\n","protected":false},"author":1,"featured_media":0,"parent":0,"menu_order":0,"comment_status":"closed","ping_status":"closed","template":"","meta":{"footnotes":""},"class_list":["post-448","page","type-page","status-publish","hentry","no-post-thumbnail"],"_links":{"self":[{"href":"https:\/\/schach-plaue.de\/index.php?rest_route=\/wp\/v2\/pages\/448","targetHints":{"allow":["GET"]}}],"collection":[{"href":"https:\/\/schach-plaue.de\/index.php?rest_route=\/wp\/v2\/pages"}],"about":[{"href":"https:\/\/schach-plaue.de\/index.php?rest_route=\/wp\/v2\/types\/page"}],"author":[{"embeddable":true,"href":"https:\/\/schach-plaue.de\/index.php?rest_route=\/wp\/v2\/users\/1"}],"replies":[{"embeddable":true,"href":"https:\/\/schach-plaue.de\/index.php?rest_route=%2Fwp%2Fv2%2Fcomments&post=448"}],"version-history":[{"count":34,"href":"https:\/\/schach-plaue.de\/index.php?rest_route=\/wp\/v2\/pages\/448\/revisions"}],"predecessor-version":[{"id":496,"href":"https:\/\/schach-plaue.de\/index.php?rest_route=\/wp\/v2\/pages\/448\/revisions\/496"}],"wp:attachment":[{"href":"https:\/\/schach-plaue.de\/index.php?rest_route=%2Fwp%2Fv2%2Fmedia&parent=448"}],"curies":[{"name":"wp","href":"https:\/\/api.w.org\/{rel}","templated":true}]}}